at is -203 + 201?
-2
In base 14, what is 3 - -394?
397
In base 16, what is -5 + 26?
21
In base 5, what is 133413 - -3?
133421
In base 15, what is -3 - c?
-10
In base 10, what is 131 - -2?
133
In base 4, what is -113 + -11?
-130
In base 3, what is 10110 + 11?
10121
In base 9, what is 75 - -78?
164
In base 10, what is -1 + 4?
3
In base 16, what is 0 - 68?
-68
In base 12, what is -1171 - 3?
-1174
In base 8, what is 16 - -21?
37
In base 4, what is -12 - -323?
311
In base 12, what is 2 + 1823?
1825
In base 3, what is -1 + -2000?
-2001
In base 4, what is -3 + -1320?
-1323
In base 4, what is 10130 - 0?
10130
In base 9, what is 4 + -117?
-113
In base 12, what is 2 + 14b?
151
In base 9, what is -3870 - -4?
-3865
In base 9, what is 114 - -8?
123
In base 13, what is 2 - 165?
-163
In base 13, what is -5 + -21?
-26
In base 2, what is 100 - 1111110?
-1111010
In base 8, what is 541 + -14?
525
In base 4, what is 1113 - 1222?
-103
In base 4, what is -3 - 12122?
-12131
In base 14, what is 2 + -226?
-224
In base 12, what is 3 - 11b?
-118
In base 13, what is 8 + 17?
22
In base 14, what is -c + 23?
15
In base 6, what is 10 + 53?
103
In base 16, what is 2e - e9?
-bb
In base 8, what is 34732 + 5?
34737
In base 5, what is 11 + 331?
342
In base 4, what is -120220 + -1?
-120221
In base 5, what is 0 + 4030?
4030
In base 13, what is 24 - 3?
21
In base 13, what is -1 + 70?
6c
In base 5, what is -220 - -11?
-204
In base 10, what is 4 + -52?
-48
In base 2, what is -100 - 10011000100?
-10011001000
In base 12, what is -5 - -6?
1
In base 7, what is 2 + -5455?
-5453
In base 7, what is 1 - 21?
-20
In base 14, what is 8 - -31?
39
In base 14, what is b0 - 30?
80
In base 6, what is 0 + -410?
-410
In base 5, what is 10 - -1131?
1141
In base 16, what is 1cb + c?
1d7
In base 15, what is 1 + 163c?
163d
In base 7, what is -6 + -32?
-41
In base 10, what is 25 - 14?
11
In base 4, what is 10013 + -2?
10011
In base 15, what is 9 - 175?
-16b
In base 14, what is -d - 112?
-121
In base 2, what is -100 - 11111111?
-100000011
In base 3, what is 11122 - -221?
12120
In base 10, what is -42 + 11?
-31
In base 6, what is 3 + -30344?
-30341
In base 10, what is -1 - 890?
-891
In base 2, what is -1001101100101 + 10?
-1001101100011
In base 6, what is -112 + -4?
-120
In base 14, what is 1 + 85a?
85b
In base 11, what is 4 + -a38?
-a34
In base 12, what is -1179 - -3?
-1176
In base 15, what is -1e0 + -3?
-1e3
In base 4, what is -2021 + 1003?
-1012
In base 7, what is -3 - 560?
-563
In base 10, what is 0 - -666?
666
In base 13, what is -778 - -6?
-772
In base 7, what is -4 - -145?
141
In base 2, what is -11000 - -10100101?
10001101
In base 14, what is -8 - 0?
-8
In base 6, what is -34 + 2?
-32
In base 10, what is 757 + -3?
754
In base 4, what is -10 - 313?
-323
In base 7, what is -1 + 45?
44
In base 14, what is -4a - 1?
-4b
In base 8, what is -10 - -53?
43
In base 5, what is 11 + 1442?
2003
In base 9, what is 5 - -108?
114
In base 6, what is 1110 + -4?
1102
In base 15, what is 2474 + 4?
2478
In base 6, what is 22524 + -4?
22520
In base 2, what is 11001 + 100010?
111011
In base 2, what is -11110011 + -1101?
-100000000
In base 15, what is 3 + 1425?
1428
In base 8, what is 2 - -13723?
13725
In base 14, what is 53c + 1?
53d
In base 9, what is -11 + 333?
322
In base 9, what is 2 + 13?
15
In base 4, what is 22 + -32002?
-31320
In base 8, what is 76 + 3?
101
In base 14, what is -4c + -5?
-53
In base 16, what is -4 - 1c7?
-1cb
In base 6, what is 3115 - 0?
3115
In base 2, what is 0 + 1100100?
1100100
In base 10, what is -1 + 98?
97
In base 9, what is 754 - 2?
752
In base 5, what is 12400 - 4?
12341
In base 9, what is -14 - -2?
-12
In base 13, what is -4 + -314?
-318
In base 13, what is -4 - 33?
-37
In base 15, what is 759b - -3?
759e
In base 9, what is -7 - 5?
-13
In base 3, what is 122 - 20002?
-12110
In base 8, what is 2 + 146?
150
In base 14, what is -3 + -23?
-26
In base 11, what is -28 + -52?
-7a
In base 10, what is -19 + -138?
-157
In base 2, what is 10100010 - -1?
10100011
In base 13, what is -21 + 3?
-1b
In base 8, what is 6 + -37?
-31
In base 11, what is 0 - -762?
762
In base 5, what is -33241 + -2?
-33243
In base 7, what is 22 - -225?
250
In base 5, what is -43 - -241?
143
In base 3, what is 12101010 - -12?
12101022
In base 11, what is 0 - 44?
-44
In base 15, what is 324 + -1?
323
In base 15, what is -a8 - -9?
-9e
In base 2, what is -1011000000 - -10?
-1010111110
In base 7, what is 125361 - -2?
125363
In base 9, what is 2 + -61?
-58
In base 9, what is 2 - 21?
-18
In base 2, what is 100 - -111111100?
1000000000
In base 16, what is -1a7 + -1?
-1a8
In base 16, what is -3 - 1?
-4
In base 6, what is 445 - 4?
441
In base 8, what is -45 + -256?
-323
In base 12, what is -5 + 15a4?
159b
In base 4, what is 21 - 200?
-113
In base 4, what is -230322 - 10?
-230332
In base 5, what is -4341 + 2?
-4334
In base 13, what is -42 - -248?
206
In base 2, what is 1100 - -11001?
100101
In base 7, what is -44541 + 2?
-44536
In base 8, what is 113 - 4?
107
In base 9, what is 2 + -50?
-47
In base 14, what is -4a + 2?
-48
In base 5, what is -1243 - 22?
-1320
In base 4, what is 1 + 103130?
103131
In base 16, what is -4 + -b?
-f
In base 16, what is 2f + -1?
2e
In base 2, what is -11 + -11101101?
-11110000
In base 15, what is b6 + -4?
b2
In base 2, what is -10001 - -100110?
10101
In base 6, what is -125 + -11?
-140
In base 16, what is -4 - -44?
40
In base 15, what is a + -268?
-25d
In base 8, what is 3 + -471?
-466
In base 4, what is -1020 + -13?
-1033
In base 7, what is 12410 - 3?
12404
In base 3, what is 112 - -1212?
2101
In base 14, what is 3 + 256?
259
In base 6, what is -1254 + 2?
-1252
In base 16, what is 36d - 8?
365
In base 16, what is 92f - -5?
934
In base 7, what is 2 + -136?
-134
In base 6, what is 1234 + 31?
1305
In base 3, what is -22020 - -1?
-22012
In base 7, what is 4 + 55?
62
In base 16, what is -2 - 32?
-34
In base 8, what is -304 - 4?
-310
In base 16, what is -2 + -b?
-d
In base 3, what is 2022012 - -2?
2022021
In base 5, what is 3 - -3444?
4002
In base 10, what is 492 + 3?
495
In base 8, what is 5 + 122?
127
In base 14, what is -b + -5?
-12
In base 15, what is -5b - -cb?
70
In base 7, what is 535 + -1?
534
In base 11, what is 2a - 20?
a
In base 8, what is -30 - 2230?
-2260
In base 12, what is 524 + -3?
521
In base 15, what is -1e1 - -1?
-1e0
In base 2, what is -101 + 11001100?
11000111
In base 3, what is 12212001 + -1?
12212000
In base 3, what is 100222010 + 11?
100222021
In base 11, what is -1 - -7a6?
7a5
In base 3, what is 1022 + -11201?
-10102
In base 7, what is 1 + -1106?
-1105
In base 5, what is 12 + -320?
-303
In base 13, what is -11 + 9c?
8b
In base 10, what is -3 + -39?
-42
In base 8, what is 13 - 16?
-3
In base 6, what is -5 - -155?
150
In base 13, what is -2 - -66?
64
In base 4, what is 1023313 + 1?
1023320
In base 9, what is 5 + -65?
-60
In base 7, what is 2242 - -4?
2246
In base 8, what is -3722 + 0?
-3722
In base 7, what is -142 + -1?
-143
In base 14, what is cd - 1?
cc
In base 9, what is 21 + 5?
26
In base 12, what is 2 - 353?
-351
In base 15, what is -3 + -1b?
-1e
In base 9, what is -5 + -474?
-480
In base 8, what is 102 + 2?
104
In base 2, what is -10 - -101001000100?
101001000010
In base 2, what is -1011 + -110?
-10001
In base 3, what is 12012201 - 12?
12012112
In base 9, what is -36 - 3?
-40
In base 6, what is 42 - 11?
31
In base 15, what is -c - 835?
-842
In base 8, what is 4 + -535?
-531
In base 15, what is 3 + 201?
204
In base 11, what is -1543 - -2?
-1541
In base 6, what is 1052 - 22?
1030
In base 16, what is d6 - 1a?
bc
In base 5, what is 1 - 120232?
-120231
In base 16, what is -15b + -3?
-15e
In base 10, what is 14 - -28?
42
In base 8, what is -11 - -32?
21
In base 10, what is 35367 + 1?
35368
In base 10, what is 37616 - -2?
37618
In base 4, what is -100 + -1332?
-2032
In base 10, what is -56 - -2?
-54
In base 16, what is 2b + -28?
3
In base 9, what is -431 + 0?
-431
In base 11, what is 0 + 1210?
1210
In base 8, what is -1535 - 3?
-1540
In base 8, what is 3 + 1166?
1171
In base 16, what is b4 + 1?
b5
In base 7, what is 5465 + -5?
5460
In base 5, what is -2 + 342?
340
In base 13, what is 1 + -4?
-3
In base 9, what is -3 + 60?
56
In base 14, what is 20 - 2?
1c
In base 8, what is 4 - 155?
-151
